289, 69899
List the prime factors of 214124281.
7, 19, 929, 1733
List the prime factors of 397643542.
2, 198821771
What are the prime factors of 103093196?
2, 1973, 13063
What are the prime factors of 527350?
2, 5, 53, 199
List the prime factors of 228296800.
2, 5, 137, 2083
What are the prime factors of 10595100?
2, 3, 5, 35317
List the prime factors of 170457010.
2, 5, 53, 321617
List the prime factors of 353956402.
2, 947, 186883
List the prime factors of 54278436.
2, 3, 23, 196661
List the prime factors of 57550010.
2, 5, 7, 257, 457
What are the prime factors of 126563232?
2, 3, 17, 77551
What are the prime factors of 7990814?
2, 13, 307339
List the prime factors of 344407770.
2, 3, 5, 7, 29, 2693
List the prime factors of 88606795.
5, 79, 101, 2221
What are the prime factors of 178018506?
2, 3, 241, 13679
What are the prime factors of 175495366?
2, 37, 83, 28573
List the prime factors of 106633965.
3, 5, 7108931
List the prime factors of 1207328640.
2, 3, 5, 7, 41, 313
What are the prime factors of 1314106968?
2, 3, 167, 327871
What are the prime factors of 99459920?
2, 5, 7, 97, 1831
What are the prime factors of 2056340443?
2056340443
What are the prime factors of 770866358?
2, 79, 857, 5693
List the prime factors of 1143892137.
3, 381297379
What are the prime factors of 4176135213?
3, 61, 1811, 12601
What are the prime factors of 51714810?
2, 3, 5, 7, 23, 43, 83
List the prime factors of 1984967109.
3, 7213, 30577
What are the prime factors of 1637445712?
2, 7, 17, 233, 3691
What are the prime factors of 221470371?
3, 71, 346589
What are the prime factors of 310791823?
37, 8399779
What are the prime factors of 171772968?
2, 3, 47, 197, 773
List the prime factors of 1895752021.
31, 61153291
What are the prime factors of 12661192?
2, 17, 93097
What are the prime factors of 59305071?
3, 7, 107, 26393
What are the prime factors of 49261736?
2, 6157717
What are the prime factors of 8443209021?
3, 13, 193, 1121723
List the prime factors of 680067318.
2, 3, 7, 181, 89459
What are the prime factors of 194204367?
3, 7, 31, 99439
What are the prime factors of 2504089541?
2504089541
List the prime factors of 188207025.
3, 5, 2509427
List the prime factors of 235374217.
13, 43, 263, 1601
List the prime factors of 1007946851.
10867, 92753
What are the prime factors of 220573382?
2, 157, 719, 977
What are the prime factors of 651966796?
2, 13, 17, 73, 10103
What are the prime factors of 3171022802?
2, 83, 19102547
List the prime factors of 1812907302.
2, 3, 17, 97, 1889
List the prime factors of 70778685.
3, 5, 4718579
What are the prime factors of 63561502?
2, 467, 68053
List the prime factors of 2176492026.
2, 3, 101, 3591571
List the prime factors of 390137850.
2, 3, 5, 288991
List the prime factors of 1086066649.
7573, 143413
List the prime factors of 5336274376.
2, 667034297
What are the prime factors of 679184693?
11, 5483, 11261
List the prime factors of 165656047.
293, 565379
List the prime factors of 5780844857.
89, 64953313
What are the prime factors of 578329978?
2, 1877, 154057
List the prime factors of 317702719.
269, 1181051
List the prime factors of 80847239.
11, 668159
List the prime factors of 2378926864.
2, 8521, 17449
What are the prime factors of 86328251?
86328251
List the prime factors of 2054982028.
2, 11, 46704137
List the prime factors of 461521202.
2, 17, 37, 366869
What are the prime factors of 9834591?
3, 13, 252169
List the prime factors of 459903152.
2, 28743947
List the prime factors of 334896305.
5, 101, 663161
What are the prime factors of 386873398?
2, 29, 6670231
List the prime factors of 277735607.
2029, 136883
List the prime factors of 267047479.
267047479
What are the prime factors of 592607?
269, 2203
List the prime factors of 416527658.
2, 79, 2636251
List the prime factors of 2494635655.
5, 2551, 195581
What are the prime factors of 4959478?
2, 17, 199, 733
What are the prime factors of 1269756021?
3, 1871, 226217
List the prime factors of 21308181.
3, 397, 17891
List the prime factors of 443769892.
2, 110942473
What are the prime factors of 183825816?
2, 3, 71, 233, 463
List the prime factors of 836329042.
2, 17, 19, 1294627
List the prime factors of 38594231.
13, 2968787
List the prime factors of 1383236521.
1383236521
What are the prime factors of 1955215609?
113, 223, 77591
List the prime factors of 324823728.
2, 3, 6767161
List the prime factors of 2037714432.
2, 3, 13, 19, 41, 131
List the prime factors of 3308697921.
3, 31, 601, 59197
What are the prime factors of 85140082?
2, 42570041
What are the prime factors of 3546421893?
3, 7, 89, 30119
List the prime factors of 130399215.
3, 5, 8693281
List the prime factors of 394412521.
394412521
List the prime factors of 3150439376.
2, 7, 43, 654161
List the prime factors of 761985402.
2, 3, 126997567
List the prime factors of 116186570.
2, 5, 23, 505159
What are the prime factors of 16432761?
3, 17, 419, 769
List the prime factors of 1599606928.
2, 977, 102329
What are the prime factors of 50435095?
5, 10087019
List the prime factors of 417991902.
2, 3, 683, 101999
List the prime factors of 2131816829.
11027, 193327
What are the prime factors of 73394901?
3, 71, 114859
What are the prime factors of 7161191050?
2, 5, 13, 11017217
List the prime factors of 642730918.
2, 83, 103, 37591
List the prime factors of 12851295.
3, 5, 197, 4349
List the prime factors of 503508200.
2, 5, 13, 31, 6247
List the prime factors of 530538993.
3, 58948777
What are the prime factors of 36071681?
97, 371873
What are the prime factors of 5048978744?
2, 6577, 95959
List the prime factors of 231726150.
2, 3, 5, 17, 23, 439
List the prime factors of 134747790.
2, 3, 5, 719, 6247
What are the prime factors of 564703370?
2, 5, 7, 11, 19, 29
What are the prime factors of 93463771?
2251, 41521
What are the prime factors of 3092990114?
2, 967, 1599271
What are the prime factors of 77060915?
5, 17, 71, 113
What are the prime factors of 13172406?
2, 3, 13, 97, 1741
What are the prime factors of 1742285744?
2, 73, 1491683
List the prime factors of 2627635379.
17, 71, 2176997
List the prime factors of 193776187.
11, 419, 42043
What are the prime factors of 27159230?
2, 5, 7, 43, 1289
List the prime factors of 38301764.
2, 9575441
What are the prime factors of 22707406?
2, 29, 379, 1033
What are the prime factors of 123321984?
2, 3, 47, 6833
What are the prime factors of 346527604?
2, 86631901
What are the prime factors of 162167237?
73, 701, 3169
What are the prime factors of 403137653?
257, 1568629
List the prime factors of 14810949.
3, 1645661
List the prime factors of 74593640.
2, 5, 11, 169531
List the prime factors of 42103693.
42103693
What are the prime factors of 2336228242?
2, 1168114121
List the prime factors of 13018793.
269, 48397
What are the prime factors of 5776253003?
139, 199, 367, 569
List the prime factors of 1581299355.
3, 5, 73, 1444109
What are the prime factors of 580869851?
47, 131, 94343
List the prime factors of 542686309.
11, 29, 881, 1931
What are the prime factors of 43213531?
43213531
What are the prime factors of 1651135077?
3, 61153151
What are the prime factors of 3741761444?
2, 43, 21754427
List the prime factors of 305010995.
5, 61002199
What are the prime factors of 2799813584?
2, 29, 6034081
List the prime factors of 151270732.
2, 43, 419, 2099
List the prime factors of 1247188641.
3, 43, 127, 269, 283
List the prime factors of 1588707755.
5, 317741551
What are the prime factors of 387803696?
2, 7, 59, 58687
What are the prime factors of 1927073501?
283, 659, 10333
What are the prime factors of 1298971388?
2, 11, 13, 2270929
List the prime factors of 1648927964.
2, 412231991
List the prime factors of 88932278.
2, 337, 131947
List the prime factors of 258508835.
5, 13, 3977059
What are the prime factors of 69303500?
2, 5, 7, 19801
What are the prime factors of 412911322?
2, 206455661
List the prime factors of 3825461463.
3, 19, 61, 1100219
List the prime factors of 228655202.
2, 17, 6725153
What are the prime factors of 81014587?
2657, 30491
List the prime factors of 81173767.
2477, 32771
What are the prime factors of 43226148?
2, 3, 7, 269, 1913
What are the prime factors of 188416535?
5, 769, 49003
What are the prime factors of 8702290?
2, 5, 87022